
Is 97219 prime?
False
Is 251561 prime?
True
Is 506917 composite?
True
Is 61343 a composite number?
False
Is 47417 a composite number?
False
Is 26449 composite?
False
Is 66295 a prime number?
False
Is 114843 a prime number?
False
Is 705619 a prime number?
False
Is 93281 composite?
False
Is 25621 a prime number?
True
Is 3091 a prime number?
False
Is 939 a prime number?
False
Is 16493 a prime number?
True
Is 735749 composite?
True
Is 15601 prime?
True
Is 6163 a composite number?
False
Is 91703 a prime number?
True
Is 1861 composite?
False
Is 203855 prime?
False
Is 40423 composite?
False
Is 7631 prime?
False
Is 128969 a prime number?
True
Is 17809 prime?
False
Is 38489 a composite number?
True
Is 152981 composite?
False
Is 5737 prime?
True
Is 14953 a composite number?
True
Is 703049 prime?
False
Is 30377 a composite number?
True
Is 247493 a prime number?
False
Is 253 a prime number?
False
Is 919757 a prime number?
True
Is 311279 a composite number?
False
Is 25427 a composite number?
True
Is 6879 a composite number?
True
Is 137843 a prime number?
False
Is 1073 prime?
False
Is 662573 composite?
True
Is 67043 prime?
True
Is 141023 composite?
False
Is 9983 prime?
False
Is 2164291 a composite number?
False
Is 42877 a composite number?
True
Is 379811 composite?
False
Is 11129 composite?
True
Is 254798 a composite number?
True
Is 1168315 a prime number?
False
Is 3239 a prime number?
False
Is 28687 a prime number?
True
Is 224797 composite?
False
Is 86641 a prime number?
False
Is 46391 a prime number?
False
Is 6541 composite?
True
Is 3403 prime?
False
Is 7639 prime?
True
Is 1274243 prime?
False
Is 180137 a composite number?
False
Is 142697 a composite number?
False
Is 7613 composite?
True
Is 5923 composite?
False
Is 47581 a composite number?
False
Is 107609 composite?
False
Is 377957 a prime number?
False
Is 5897 a prime number?
True
Is 115193 prime?
False
Is 2429231 composite?
True
Is 9865 a prime number?
False
Is 2064343 prime?
True
Is 739 a prime number?
True
Is 2995 a prime number?
False
Is 17813 prime?
False
Is 9897 prime?
False
Is 79841 a composite number?
False
Is 18119 a prime number?
True
Is 5327 a prime number?
False
Is 423667 prime?
True
Is 12113 prime?
True
Is 22681 composite?
True
Is 4818677 composite?
False
Is 583723 composite?
True
Is 14471 a prime number?
False
Is 83149 prime?
False
Is 5543 a composite number?
True
Is 37337 a prime number?
True
Is 3151 a prime number?
False
Is 485907 a prime number?
False
Is 9203 a composite number?
False
Is 85465 composite?
True
Is 43427 a composite number?
False
Is 145253 prime?
True
Is 49663 prime?
True
Is 1280821 composite?
False
Is 51217 composite?
False
Is 12899 prime?
True
Is 102643 prime?
True
Is 9169 composite?
True
Is 2569 composite?
True
Is 286351 a prime number?
False
Is 745409 a composite number?
True
Is 2251 composite?
False
Is 10021 composite?
True
Is 405893 a composite number?
False
Is 229802 prime?
False
Is 391151 a prime number?
True
Is 1361 a composite number?
False
Is 15537 a prime number?
False
Is 122663 prime?
True
Is 34123 a prime number?
True
Is 59957 a composite number?
False
Is 26749 a composite number?
True
Is 115117 a prime number?
True
Is 3109 prime?
True
Is 58403 a prime number?
True
Is 68353 a composite number?
True
Is 29201 composite?
False
Is 9197 prime?
False
Is 62189 prime?
True
Is 3823319 a composite number?
False
Is 4054 composite?
True
Is 3047 composite?
True
Is 2108659 a composite number?
True
Is 2549993 a prime number?
True
Is 685267 a composite number?
True
Is 13517 a prime number?
False
Is 1357 composite?
True
Is 143615 a prime number?
False
Is 102343 composite?
True
Is 386083 composite?
False
Is 93307 composite?
False
Is 114941 a prime number?
True
Is 3137 prime?
True
Is 1819 a prime number?
False
Is 389645 a composite number?
True
Is 14243 a prime number?
True
Is 9563 prime?
False
Is 25539 composite?
True
Is 7717 composite?
False
Is 363431 prime?
True
Is 69 a composite number?
True
Is 6607 a composite number?
False
Is 14395 composite?
True
Is 22123 composite?
False
Is 4909 a prime number?
True
Is 292867 a prime number?
True
Is 861797 prime?
True
Is 6499 a prime number?
False
Is 5701 a prime number?
True
Is 233743 composite?
False
Is 101429 a prime number?
True
Is 12605 prime?
False
Is 661387 prime?
False
Is 117739 composite?
True
Is 21439 composite?
True
Is 480589 prime?
False
Is 21415 a composite number?
True
Is 33457 a composite number?
False
Is 39086 prime?
False
Is 24161 a prime number?
False
Is 10727 prime?
False
Is 140861 prime?
False
Is 71503 composite?
False
Is 95369 prime?
True
Is 35729 prime?
True
Is 91207 composite?
True
Is 37173 prime?
False
Is 585527 a prime number?
False
Is 17305 prime?
False
Is 307297 composite?
True
Is 58673 prime?
False
Is 8189 a prime number?
False
Is 146713 prime?
False
Is 40627 a composite number?
False
Is 9221 prime?
True
Is 25841 prime?
True
Is 56751 composite?
True
Is 1781939 composite?
False
Is 21263 prime?
False
Is 408169 composite?
False
Is 27041 a prime number?
False
Is 62821 prime?
False
Is 30553 prime?
True
Is 8545 composite?
True
Is 142451 prime?
False
Is 1399 a prime number?
True
Is 859723 composite?
True
Is 1853677 a prime number?
False
Is 489833 prime?
True
Is 3629 composite?
True
Is 30985 a prime number?
False
Is 155019 prime?
False
Is 1293157 composite?
False
Is 11197 a prime number?
True
Is 762101 composite?
False
Is 298477 a prime number?
True
Is 1397 composite?
True
Is 11923 a composite number?
False
Is 57637 a composite number?
False
Is 1133 composite?
True
Is 64021 a prime number?
False
Is 2831 prime?
False
Is 6701 prime?
True
Is 2498 a composite number?
True
Is 73237 composite?
False
Is 4499 composite?
True
Is 118559 a composite number?
True
Is 1075249 prime?
False
Is 8123351 composite?
False
Is 26671 prime?
False
Is 6905 prime?
False
Is 456243 composite?
True
Is 2179 prime?
True
Is 1633597 a prime number?
False
Is 1171 composite?
False
Is 4493479 prime?
False
Is 139187 composite?
False
Is 28603 prime?
True
Is 10078 a composite number?
True
Is 32059 a composite number?
False
Is 246107 composite?
True
Is 127991 composite?
True
Is 291211 a prime number?
False
Is 36886 composite?
True
Is 16127 prime?
True
Is 8161 composite?
False
Is 146337 prime?
False
Is 510373 composite?
True
Is 97313 composite?
True
Is 1087 composite?
False
Is 64301 prime?
True
Is 7387 composite?
True
Is 32167 prime?
False
Is 80279 prime?
True
Is 1184399 a composite number?
False
Is 86011 a composite number?
False
Is 837329 a prime number?
False
Is 678485 a composite number?
True
Is 106591 composite?
False
Is 4201 composite?
False
Is 153407 a composite number?
False
Is 386273 prime?
False
Is 549361 a prime number?
False
Is 7934 prime?
False
Is 366259 composite?
False
Is 275293 prime?
False
Is 10939 prime?
True
Is 9989 prime?
False
Is 124121 composite?
False
Is 2375705 a prime number?
False
Is 28201 composite?
False
Is 22409 prime?
True
Is 2554 a composite number?
True
Is 180233 a prime number?
True
Is 4499 prime?
False
Is 164789 prime?
True
Is 367 prime?
True
Is 631007 composite?
True
Is 13303 prime?
False
Is 23369 a composite number?
False
Is 12197 prime?
True
Is 9029 a composite number?
False
Is 537703 a composite number?
False
Is 314255 a prime number?
False
Is 1847 a prime number?
True
Is 28463 a prime number?
True
Is 200333 composite?
True
Is 217891 a prime number?
False
Is 231905 a composite number?
True
Is 7681 composite?
False
Is 1477951 a composite number?
False
Is 1803 prime?
False
Is 131513 composite?
True
Is 273289 a prime number?
True
Is 7103 a composite number?
False
Is 3437493 a prime number?
False
Is 46353 a composite number?
True
Is 111721 a prime number?
True
Is 308227 a prime number?
False
Is 278987 prime?
False
Is 6761 prime?
True
Is 5749 prime?
True
Is 1759 prime?
True
Is 581387 composite?
True
Is 63689 composite?
False
Is 912631 composite?
False
Is 169522 composite?
True
Is 360239 a composite number?
True
Is 18947 prime?
True
Is 107129 a composite number?
True
Is 6779 prime?
True
Is 9677 composite?
False
Is 2497 prime?
False
Is 20827 a prime number?
False
Is 33827 prime?
True
Is 572617 composite?
True
Is 269359 a prime number?
False
Is 4201 a prime number?
True
Is 6803 composite?
False
Is 1299 a composite number?